{"id":777,"date":"2015-11-26T03:31:48","date_gmt":"2015-11-26T06:31:48","guid":{"rendered":"http:\/\/www.mlonquimay.cl\/web\/?page_id=777"},"modified":"2024-12-23T13:10:11","modified_gmt":"2024-12-23T16:10:11","slug":"dideco","status":"publish","type":"page","link":"https:\/\/www.mlonquimay.cl\/web\/departamentos-2\/dideco\/","title":{"rendered":"DIDECO"},"content":{"rendered":"<p><a href=\"https:\/\/www.mlonquimay.cl\/web\/wp-content\/uploads\/2015\/11\/logo-DIDECO.jpg\"><img decoding=\"async\" class=\"size-medium wp-image-7030 aligncenter\" src=\"https:\/\/www.mlonquimay.cl\/web\/wp-content\/uploads\/2015\/11\/logo-DIDECO-300x108.jpg\" alt=\"\" width=\"300\" height=\"108\" srcset=\"https:\/\/www.mlonquimay.cl\/web\/wp-content\/uploads\/2015\/11\/logo-DIDECO-300x108.jpg 300w, https:\/\/www.mlonquimay.cl\/web\/wp-content\/uploads\/2015\/11\/logo-DIDECO-600x215.jpg 600w, https:\/\/www.mlonquimay.cl\/web\/wp-content\/uploads\/2015\/11\/logo-DIDECO-250x90.jpg 250w, https:\/\/www.mlonquimay.cl\/web\/wp-content\/uploads\/2015\/11\/logo-DIDECO.jpg 711w\" sizes=\"(max-width: 300px) 100vw, 300px\" \/><\/a><\/p>\n<ul>\n<li><strong>Nombre Encargado: Benjamin \u00d1anco<\/strong><\/li>\n<\/ul>\n<ul>\n<li><strong>Correo:<\/strong> bnanco@mlonquimay.cl<\/li>\n<\/ul>\n<ul>\n<li><strong>Tel\u00e9fono:<\/strong> 452781729<\/li>\n<\/ul>\n<p><strong>Objetivo General:<\/strong><\/p>\n<p style=\"text-align: justify;\">El Objetivo de la Dideco es dotar de coherencia a la visi\u00f3n comunal que estamos construyendo como participes de situaciones hist\u00f3ricos relevantes, donde nuestros instrumentos de gesti\u00f3n se han estado adecuando a la realidad local, a los potenciales, a los sue\u00f1os y a disminuir las limitaciones para hacer de Lonquimay, la comuna que anhelamos, por lo cual durante el a\u00f1o reci\u00e9n pasado este Departamento trasformo en prioridad la lectura y acci\u00f3n sobre: \u201c<strong>Un sue\u00f1o, un Proyecto, una realidad<\/strong>\u201d.<\/p>\n<p style=\"text-align: justify;\"><strong>Funciones:<\/strong><\/p>\n<p style=\"text-align: justify;\">Nuestro marco regulatorio est\u00e1 definido en el art\u00edculo 22 de la Ley Org\u00e1nica Constitucional de Municipalidades y que versa al respecto:<\/p>\n<ul style=\"text-align: justify;\">\n<li><em>\u00a0<\/em>\u00a0<em>Asesorar al alcalde y tambi\u00e9n al concejo en la promoci\u00f3n del desarrollo comunitario.<\/em><\/li>\n<li><em>\u00a0Prestar\u00a0asesor\u00eda\u00a0t\u00e9cnica a las organizaciones comunitarias, fomentar su desarrollo y legalizaci\u00f3n, y promover su\u00a0efectiva participaci\u00f3n en el municipio<\/em><\/li>\n<li><em>Proponer y ejecutar, dentro de su \u00e1mbito y cuando corresponda, medidas tendientes a materializar acciones relacionadas con salud publica, protecci\u00f3n del medio ambiente, educaci\u00f3n y cultura, capacitaci\u00f3n laboral deporte y recreaci\u00f3n, promoci\u00f3n del empleo, fomento productivo local y turismo.<\/em><\/li>\n<\/ul>\n<p style=\"text-align: justify;\">Es as\u00ed como\u00a0 el Departamento de Desarrollo Comunitario (Dideco), realiza\u00a0 acciones que pueden ser concebidas como\u00a0<strong>asistenciales y de desarrollo social comunitario<\/strong>\u00a0y que tienen que ver tambi\u00e9n con obligaciones que al municipio le corresponde desarrollar e impulsar, para lo cual el principal objetivo es la ejecuci\u00f3n optima de programas tales como: Programa de la Mujer, Programa Mapuche. Programa Puente, Programa Discapacidad. Adulto Mayor, Infancia y Adolescencia, la aplicaci\u00f3n y actualizaci\u00f3n constante del Sistema de Estratificaci\u00f3n Social Ficha de Protecci\u00f3n Social, Programas de Vivienda, la tramitaci\u00f3n de Subsidios Monetarios (Pensiones Asistenciales Subsidio \u00danico Familiar, Agua Potable, luz el\u00e9ctrica), la Asistencia Social a personas vulnerables, y la informaci\u00f3n derivaci\u00f3n a otros unidades municipales, oficinas o instancias publicas y privadas.<\/p>\n<p style=\"text-align: justify;\">As\u00ed mismo, a partir del 2008 a esta Direcci\u00f3n le corresponde la Implementaci\u00f3n de dos nuevos Programas de Promoci\u00f3n, Habilitaci\u00f3n Social y Igualdad de Oportunidades, coordinados desde el Ministerio de Planificaci\u00f3n Social, Serman y Fosis dirigido a la poblaci\u00f3n m\u00e1s vulnerable de la Comuna.<\/p>\n<p style=\"text-align: justify;\">As\u00ed se contin\u00faan las acciones en Lonquimay de:<strong>\u00a0Chile Crece Contigo, Habitabilidad, Programa Familias, \u00a0Programa Mujeres Jefas de Hogar,\u00a0 Programa Autoconsumo Chile Solidario<\/strong><\/p>\n<p style=\"text-align: justify;\">Esta Direcci\u00f3n en el \u00e1rea social se rige en los marcos jur\u00eddicos del mandato LOC de municipalidades N\u00ba 18.695-, y de la normativa sobre subsidio de Agua Potable (ley 18.770), as\u00ed como los cuerpos legales sobre pensiones que definen y enmarcan nuestras intenciones \u201cD<strong><em>e procurar solo los medios indispensables para paliar en parte las dificultades de personas que carecen de los elementos fundamentales para subsistir<\/em><\/strong>.<\/p>\n<p style=\"text-align: justify;\"><strong><em>\u201cContribuir a elevar el nivel de vida de los habitantes urbanos y rurales de nuestra comuna, con \u00e9nfasis en la diversidad cultural, la riqueza espiritual de su gente y la visi\u00f3n clara de encontrar en una necesidad o una falencia una oportunidad para la construcci\u00f3n colectiva de un mejor\u00a0 futuro<\/em><\/strong>\u201d.<\/p>\n<p style=\"text-align: justify;\">Por tanto se ejecutan \u00a0programas en el \u00e1rea del quehacer Social Comunitario como lo son:<\/p>\n<ul style=\"text-align: justify;\">\n<li>Programa\u00a0 Mujer<\/li>\n<li>Programa Vivienda: Subsidio Rural Titulo I- Fondo Solidario, T\u00edtulos II y III<\/li>\n<li>Programa Mapuche Pehuenche<\/li>\n<li>Programa Infancia<\/li>\n<li>Adulto Mayor<\/li>\n<li>Programa Discapacidad<\/li>\n<li>Programa\u00a0Familias<\/li>\n<li>Ficha Protecci\u00f3n Social<\/li>\n<li>Programa Subsidios<\/li>\n<li>Programa Becas<\/li>\n<li>Oficina Municipal de Intermediaci\u00f3n Laboral<\/li>\n<li>Programa Deportes<\/li>\n<li>Cultura<\/li>\n<li>Asistencia Social<\/li>\n<\/ul>\n<p style=\"text-align: justify;\">Otro gran\u00a0 impulso con orientaci\u00f3n comunal fue dar marcha al\u00a0 Consejo Econ\u00f3mico y Social, \u00a0la\u00a0 participaci\u00f3n en el Comit\u00e9 Comunas Vulnerables de la cual actualmente \u00a0se\u00a0 cumple el rol de instancia de gesti\u00f3n recogiendo\u00a0 las particularidades, geogr\u00e1fico ambientales, culturales, territoriales y las representaciones locales de\u00a0 sus organizaciones y asociados, lo fundamental la <strong>\u201cE<em>xpresi\u00f3n de nuestra gente<\/em><\/strong>\u201d.<\/p>\n<p><a href=\"https:\/\/www.mlonquimay.cl\/web\/wp-content\/uploads\/2015\/11\/dideco.bmp\"><img fetchpriority=\"high\" decoding=\"async\" class=\"alignnone size-full wp-image-6236\" src=\"https:\/\/www.mlonquimay.cl\/web\/wp-content\/uploads\/2015\/11\/dideco.bmp\" alt=\"\" width=\"786\" height=\"554\" \/><\/a><\/p>\n","protected":false},"excerpt":{"rendered":"<p>Nombre Encargado: Benjamin \u00d1anco Correo: bnanco@mlonquimay.cl Tel\u00e9fono: 452781729 Objetivo General: El Objetivo de la Dideco es dotar de coherencia a [&hellip;]<\/p>\n","protected":false},"author":2,"featured_media":0,"parent":9642,"menu_order":0,"comment_status":"closed","ping_status":"open","template":"","meta":{"site-sidebar-layout":"default","site-content-layout":"","ast-site-content-layout":"default","site-content-style":"default","site-sidebar-style":"default","ast-global-header-display":"","ast-banner-title-visibility":"","ast-main-header-display":"","ast-hfb-above-header-display":"","ast-hfb-below-header-display":"","ast-hfb-mobile-header-display":"","site-post-title":"","ast-breadcrumbs-content":"","ast-featured-img":"","footer-sml-layout":"","ast-disable-related-posts":"","theme-transparent-header-meta":"","adv-header-id-meta":"","stick-header-meta":"","header-above-stick-meta":"","header-main-stick-meta":"","header-below-stick-meta":"","astra-migrate-meta-layouts":"default","ast-page-background-enabled":"default","ast-page-background-meta":{"desktop":{"background-color":"var(--ast-global-color-4)","background-image":"","background-repeat":"repeat","background-position":"center center","background-size":"auto","background-attachment":"scroll","background-type":"","background-media":"","overlay-type":"","overlay-color":"","overlay-opacity":"","overlay-gradient":""},"tablet":{"background-color":"","background-image":"","background-repeat":"repeat","background-position":"center center","background-size":"auto","background-attachment":"scroll","background-type":"","background-media":"","overlay-type":"","overlay-color":"","overlay-opacity":"","overlay-gradient":""},"mobile":{"background-color":"","background-image":"","background-repeat":"repeat","background-position":"center center","background-size":"auto","background-attachment":"scroll","background-type":"","background-media":"","overlay-type":"","overlay-color":"","overlay-opacity":"","overlay-gradient":""}},"ast-content-background-meta":{"desktop":{"background-color":"var(--ast-global-color-5)","background-image":"","background-repeat":"repeat","background-position":"center center","background-size":"auto","background-attachment":"scroll","background-type":"","background-media":"","overlay-type":"","overlay-color":"","overlay-opacity":"","overlay-gradient":""},"tablet":{"background-color":"var(--ast-global-color-5)","background-image":"","background-repeat":"repeat","background-position":"center center","background-size":"auto","background-attachment":"scroll","background-type":"","background-media":"","overlay-type":"","overlay-color":"","overlay-opacity":"","overlay-gradient":""},"mobile":{"background-color":"var(--ast-global-color-5)","background-image":"","background-repeat":"repeat","background-position":"center center","background-size":"auto","background-attachment":"scroll","background-type":"","background-media":"","overlay-type":"","overlay-color":"","overlay-opacity":"","overlay-gradient":""}},"footnotes":""},"class_list":["post-777","page","type-page","status-publish","hentry"],"_links":{"self":[{"href":"https:\/\/www.mlonquimay.cl\/web\/wp-json\/wp\/v2\/pages\/777","targetHints":{"allow":["GET"]}}],"collection":[{"href":"https:\/\/www.mlonquimay.cl\/web\/wp-json\/wp\/v2\/pages"}],"about":[{"href":"https:\/\/www.mlonquimay.cl\/web\/wp-json\/wp\/v2\/types\/page"}],"author":[{"embeddable":true,"href":"https:\/\/www.mlonquimay.cl\/web\/wp-json\/wp\/v2\/users\/2"}],"replies":[{"embeddable":true,"href":"https:\/\/www.mlonquimay.cl\/web\/wp-json\/wp\/v2\/comments?post=777"}],"version-history":[{"count":4,"href":"https:\/\/www.mlonquimay.cl\/web\/wp-json\/wp\/v2\/pages\/777\/revisions"}],"predecessor-version":[{"id":10724,"href":"https:\/\/www.mlonquimay.cl\/web\/wp-json\/wp\/v2\/pages\/777\/revisions\/10724"}],"up":[{"embeddable":true,"href":"https:\/\/www.mlonquimay.cl\/web\/wp-json\/wp\/v2\/pages\/9642"}],"wp:attachment":[{"href":"https:\/\/www.mlonquimay.cl\/web\/wp-json\/wp\/v2\/media?parent=777"}],"curies":[{"name":"wp","href":"https:\/\/api.w.org\/{rel}","templated":true}]}}